{"id":2995,"date":"2025-07-15T14:23:05","date_gmt":"2025-07-15T12:23:05","guid":{"rendered":"https:\/\/ekh.w3po.de\/?page_id=2995"},"modified":"2025-10-08T10:33:20","modified_gmt":"2025-10-08T08:33:20","slug":"onkologie","status":"publish","type":"page","link":"https:\/\/ekh3.w3po.de\/ekh4\/fachgebiete\/onkologie\/","title":{"rendered":"Onkologie"},"content":{"rendered":"\n<h1 class=\"wp-block-heading has-large-font-size\">Onkologie<\/h1>\n\n\n\n<h3 class=\"wp-block-heading\"><strong>Ganzheitliche Onkologische Versorgung<\/strong><\/h3>\n\n\n\n<div class=\"wp-block-group is-layout-constrained wp-container-core-group-is-layout-d2ecfd0b wp-block-group-is-layout-constrained\" style=\"padding-top:0;padding-right:0;padding-bottom:var(--wp--preset--spacing--60);padding-left:0\">\n<div class=\"wp-block-columns is-layout-flex wp-container-core-columns-is-layout-e0e4babd wp-block-columns-is-layout-flex\" style=\"padding-right:0;padding-left:0\">\n<div class=\"wp-block-column is-layout-flow wp-block-column-is-layout-flow\" style=\"padding-right:var(--wp--preset--spacing--60);padding-left:0;flex-basis:35%\">\n<figure class=\"wp-block-image size-full\"><img loading=\"lazy\" decoding=\"async\" width=\"1024\" height=\"1024\" src=\"https:\/\/ekh3.w3po.de\/ekh4\/wp-content\/uploads\/sites\/2\/2025\/07\/Leonardo_Kino_XL_i_want_a_photo_for_oncology_like_human_body_0.jpg\" alt=\"\" class=\"wp-image-3526\" srcset=\"https:\/\/ekh3.w3po.de\/ekh4\/wp-content\/uploads\/sites\/2\/2025\/07\/Leonardo_Kino_XL_i_want_a_photo_for_oncology_like_human_body_0.jpg 1024w, https:\/\/ekh3.w3po.de\/ekh4\/wp-content\/uploads\/sites\/2\/2025\/07\/Leonardo_Kino_XL_i_want_a_photo_for_oncology_like_human_body_0-300x300.jpg 300w, https:\/\/ekh3.w3po.de\/ekh4\/wp-content\/uploads\/sites\/2\/2025\/07\/Leonardo_Kino_XL_i_want_a_photo_for_oncology_like_human_body_0-150x150.jpg 150w, https:\/\/ekh3.w3po.de\/ekh4\/wp-content\/uploads\/sites\/2\/2025\/07\/Leonardo_Kino_XL_i_want_a_photo_for_oncology_like_human_body_0-768x768.jpg 768w\" sizes=\"auto, (max-width: 1024px) 100vw, 1024px\" \/><\/figure>\n<\/div>\n\n\n\n<div class=\"wp-block-column is-layout-flow wp-block-column-is-layout-flow\">\n<h3 class=\"wp-block-heading\"><strong>Moderne Medizin mit Menschlichkeit verbinden<\/strong><\/h3>\n\n\n\n<p>Die ganzheitliche onkologische Versorgung steht f\u00fcr weit mehr als die reine Bek\u00e4mpfung von Krebserkrankungen. Sie vereint modernste medizinische Verfahren mit pers\u00f6nlicher Zuwendung, fachlicher Exzellenz mit menschlicher N\u00e4he. Im Mittelpunkt stehen nicht nur die Krankheit, sondern der Mensch in seiner Gesamtheit \u2013 mit all seinen physischen, emotionalen und sozialen Bed\u00fcrfnissen.<\/p>\n\n\n\n<p>Durch den gezielten Einsatz fortschrittlicher Diagnostik, innovativer Therapien und individueller Nachsorgekonzepte verfolgen wir das Ziel, Krebserkrankungen effektiv und nachhaltig zu behandeln. Gleichzeitig wollen wir die Heilungschancen deutlich erh\u00f6hen und dabei die Lebensqualit\u00e4t der Patientinnen und Patienten langfristig erhalten und st\u00e4rken.<\/p>\n<\/div>\n<\/div>\n\n\n\n<p>Unsere Philosophie basiert auf einem integrativen Ansatz, der schulmedizinische Therapien mit erg\u00e4nzenden unterst\u00fctzenden Ma\u00dfnahmen kombiniert \u2013 stets individuell abgestimmt und mit dem Anspruch, den gesamten Behandlungsweg bestm\u00f6glich zu begleiten. So entsteht eine Versorgung, die nicht nur medizinisch wirksam, sondern auch menschlich tragend ist.<\/p>\n<\/div>\n\n\n\n<div class=\"wp-block-group alignfull has-background is-layout-constrained wp-container-core-group-is-layout-899e6947 wp-block-group-is-layout-constrained\" style=\"background-color:#f7f7f7;padding-top:var(--wp--preset--spacing--60);padding-right:0;padding-bottom:var(--wp--preset--spacing--60);padding-left:0\">\n<div class=\"wp-block-columns is-layout-flex wp-container-core-columns-is-layout-a5331a9e wp-block-columns-is-layout-flex\" style=\"padding-top:0;padding-right:0;padding-bottom:0;padding-left:0\">\n<div class=\"wp-block-column is-layout-flow wp-block-column-is-layout-flow\">\n<h3 class=\"wp-block-heading\">Pr\u00e4zision und F\u00fcrsorge \u2013 Hand in Hand<\/h3>\n\n\n\n<p>Die Behandlung von Krebserkrankungen erfordert nicht nur medizinische Exzellenz, sondern auch Einf\u00fchlungsverm\u00f6gen und ganzheitliche Betreuung. Die moderne Onkologie ber\u00fccksichtigt dabei sowohl die individuellen Bed\u00fcrfnisse der Betroffenen als auch die medizinischen Erfordernisse. Im Zentrum steht ein interdisziplin\u00e4res Team, das in jeder Phase eng zusammenarbeitet \u2013 von der Diagnosestellung bis zur langfristigen Nachsorge.<\/p>\n<\/div>\n<\/div>\n<\/div>\n\n\n\n<div class=\"wp-block-group is-layout-constrained wp-container-core-group-is-layout-c6787eed wp-block-group-is-layout-constrained\" style=\"padding-top:var(--wp--preset--spacing--60);padding-right:0;padding-bottom:var(--wp--preset--spacing--60);padding-left:0\">\n<div class=\"wp-block-columns is-layout-flex wp-container-core-columns-is-layout-28f84493 wp-block-columns-is-layout-flex\">\n<div class=\"wp-block-column is-layout-flow wp-block-column-is-layout-flow\">\n<h3 class=\"wp-block-heading\">Pr\u00e4zise Diagnostik als Grundlage<\/h3>\n\n\n\n<p>Eine fundierte Diagnostik bildet die Basis jeder erfolgreichen Therapie. Mithilfe modernster bildgebender Verfahren, labordiagnostischer Methoden und genetischer Analysen wird das Krankheitsbild exakt erfasst. Diese pr\u00e4zisen Informationen erm\u00f6glichen die Erstellung ma\u00dfgeschneiderter Therapiepl\u00e4ne, die optimal auf den individuellen Gesundheitszustand abgestimmt sind.<\/p>\n<\/div>\n<\/div>\n<\/div>\n\n\n\n<div class=\"wp-block-group alignfull has-background is-layout-constrained wp-container-core-group-is-layout-899e6947 wp-block-group-is-layout-constrained\" style=\"background-color:#f7f7f7;padding-top:var(--wp--preset--spacing--60);padding-right:0;padding-bottom:var(--wp--preset--spacing--60);padding-left:0\">\n<div class=\"wp-block-columns is-layout-flex wp-container-core-columns-is-layout-a5331a9e wp-block-columns-is-layout-flex\" style=\"padding-top:0;padding-right:0;padding-bottom:0;padding-left:0\">\n<div class=\"wp-block-column is-layout-flow wp-block-column-is-layout-flow\">\n<h3 class=\"wp-block-heading\">Innovative Therapien mit ganzheitlicher Unterst\u00fctzung<\/h3>\n\n\n\n<p>In der Therapie kommen fortschrittliche Behandlungsformen wie Chemotherapie, Immuntherapie, Strahlentherapie und zielgerichtete Medikamente zum Einsatz \u2013 sowohl ambulant als auch station\u00e4r. Dabei liegt der Fokus auf m\u00f6glichst schonenden, minimal-invasiven Verfahren, um die k\u00f6rperliche Belastung zu reduzieren.<\/p>\n\n\n\n<p>Erg\u00e4nzend bieten wir kraftspendende Infusionen mit lebenswichtigen Vitaminen und weiteren Aufbaustoffen an. Diese unterst\u00fctzen gezielt Ihre Vitalit\u00e4t, st\u00e4rken die k\u00f6rpereigene Abwehr und tragen zu einem sp\u00fcrbaren Wohlbefinden w\u00e4hrend der Behandlung bei.<\/p>\n\n\n\n<p>Neben der Krebstherapie legen wir besonderen Wert auf eine wirksame Schmerzbehandlung. Dank unserer hauseigenen Abteilung f\u00fcr Schmerztherapie k\u00f6nnen unsere Patientinnen und Patienten auf eine schmerztherapeutische Betreuung auf h\u00f6chstem Niveau z\u00e4hlen. Ziel ist eine nahezu schmerzfreie Behandlung \u2013 f\u00fcr mehr Lebensqualit\u00e4t in jeder Phase der Therapie.<\/p>\n<\/div>\n<\/div>\n<\/div>\n\n\n\n<div class=\"wp-block-group is-layout-constrained wp-container-core-group-is-layout-c6787eed wp-block-group-is-layout-constrained\" style=\"padding-top:var(--wp--preset--spacing--60);padding-right:0;padding-bottom:var(--wp--preset--spacing--60);padding-left:0\">\n<div class=\"wp-block-columns is-layout-flex wp-container-core-columns-is-layout-28f84493 wp-block-columns-is-layout-flex\">\n<div class=\"wp-block-column is-layout-flow wp-block-column-is-layout-flow\">\n<h3 class=\"wp-block-heading\">Umfassende Nachsorge \u2013 f\u00fcr Stabilit\u00e4t und Sicherheit<\/h3>\n\n\n\n<p>Nach Abschluss der Therapie spielt die Nachsorge eine zentrale Rolle. Regelm\u00e4\u00dfige Kontrolluntersuchungen sichern den Therapieerfolg und erm\u00f6glichen das fr\u00fchzeitige Erkennen m\u00f6glicher R\u00fcckf\u00e4lle. Rehabilitationsma\u00dfnahmen sowie psychosoziale Begleitung unterst\u00fctzen Patientinnen und Patienten dabei, wieder Stabilit\u00e4t im Alltag zu finden \u2013 k\u00f6rperlich wie seelisch.<\/p>\n<\/div>\n<\/div>\n<\/div>\n\n\n\n<div class=\"wp-block-group alignfull has-background is-layout-constrained wp-container-core-group-is-layout-899e6947 wp-block-group-is-layout-constrained\" style=\"background-color:#f7f7f7;padding-top:var(--wp--preset--spacing--60);padding-right:0;padding-bottom:var(--wp--preset--spacing--60);padding-left:0\">\n<div class=\"wp-block-columns is-layout-flex wp-container-core-columns-is-layout-a5331a9e wp-block-columns-is-layout-flex\" style=\"padding-top:0;padding-right:0;padding-bottom:0;padding-left:0\">\n<div class=\"wp-block-column is-layout-flow wp-block-column-is-layout-flow\">\n<h3 class=\"wp-block-heading\">Interdisziplin\u00e4re Kompetenz f\u00fcr ganzheitliche Betreuung<\/h3>\n\n\n\n<p>Unser engagiertes Team aus Fach\u00e4rztinnen und Fach\u00e4rzten, Pflegekr\u00e4ften und Therapeutinnen arbeitet Hand in Hand, um eine umfassende Versorgung auf h\u00f6chstem medizinischem und menschlichem Niveau zu gew\u00e4hrleisten. Dabei steht nicht nur die Bek\u00e4mpfung der Erkrankung im Fokus, sondern ebenso die F\u00f6rderung von Lebensqualit\u00e4t, Vitalit\u00e4t und pers\u00f6nlicher St\u00e4rke \u2013 ein Ansatz, der unsere onkologische Betreuung besonders macht.<\/p>\n<\/div>\n<\/div>\n<\/div>\n","protected":false},"excerpt":{"rendered":"<p>Onkologie Ganzheitliche Onkologische Versorgung Moderne Medizin mit Menschlichkeit verbinden Die ganzheitliche onkologische Versorgung steht f\u00fcr weit mehr als die reine [&hellip;]<\/p>\n","protected":false},"author":1,"featured_media":4289,"parent":60,"menu_order":150,"comment_status":"closed","ping_status":"closed","template":"","meta":{"site-sidebar-layout":"default","site-content-layout":"","ast-site-content-layout":"default","site-content-style":"default","site-sidebar-style":"default","ast-global-header-display":"","ast-banner-title-visibility":"","ast-main-header-display":"","ast-hfb-above-header-display":"","ast-hfb-below-header-display":"","ast-hfb-mobile-header-display":"","site-post-title":"","ast-breadcrumbs-content":"","ast-featured-img":"","footer-sml-layout":"","theme-transparent-header-meta":"","adv-header-id-meta":"","stick-header-meta":"","header-above-stick-meta":"","header-main-stick-meta":"","header-below-stick-meta":"","astra-migrate-meta-layouts":"default","ast-page-background-enabled":"default","ast-page-background-meta":{"desktop":{"background-color":"var(--ast-global-color-5)","background-image":"","background-repeat":"repeat","background-position":"center center","background-size":"auto","background-attachment":"scroll","background-type":"","background-media":"","overlay-type":"","overlay-color":"","overlay-opacity":"","overlay-gradient":""},"tablet":{"background-color":"","background-image":"","background-repeat":"repeat","background-position":"center center","background-size":"auto","background-attachment":"scroll","background-type":"","background-media":"","overlay-type":"","overlay-color":"","overlay-opacity":"","overlay-gradient":""},"mobile":{"background-color":"","background-image":"","background-repeat":"repeat","background-position":"center center","background-size":"auto","background-attachment":"scroll","background-type":"","background-media":"","overlay-type":"","overlay-color":"","overlay-opacity":"","overlay-gradient":""}},"ast-content-background-meta":{"desktop":{"background-color":"var(--ast-global-color-4)","background-image":"","background-repeat":"repeat","background-position":"center center","background-size":"auto","background-attachment":"scroll","background-type":"","background-media":"","overlay-type":"","overlay-color":"","overlay-opacity":"","overlay-gradient":""},"tablet":{"background-color":"var(--ast-global-color-4)","background-image":"","background-repeat":"repeat","background-position":"center center","background-size":"auto","background-attachment":"scroll","background-type":"","background-media":"","overlay-type":"","overlay-color":"","overlay-opacity":"","overlay-gradient":""},"mobile":{"background-color":"var(--ast-global-color-4)","background-image":"","background-repeat":"repeat","background-position":"center center","background-size":"auto","background-attachment":"scroll","background-type":"","background-media":"","overlay-type":"","overlay-color":"","overlay-opacity":"","overlay-gradient":""}},"footnotes":""},"class_list":["post-2995","page","type-page","status-publish","has-post-thumbnail","hentry"],"_links":{"self":[{"href":"https:\/\/ekh3.w3po.de\/ekh4\/wp-json\/wp\/v2\/pages\/2995","targetHints":{"allow":["GET"]}}],"collection":[{"href":"https:\/\/ekh3.w3po.de\/ekh4\/wp-json\/wp\/v2\/pages"}],"about":[{"href":"https:\/\/ekh3.w3po.de\/ekh4\/wp-json\/wp\/v2\/types\/page"}],"author":[{"embeddable":true,"href":"https:\/\/ekh3.w3po.de\/ekh4\/wp-json\/wp\/v2\/users\/1"}],"replies":[{"embeddable":true,"href":"https:\/\/ekh3.w3po.de\/ekh4\/wp-json\/wp\/v2\/comments?post=2995"}],"version-history":[{"count":32,"href":"https:\/\/ekh3.w3po.de\/ekh4\/wp-json\/wp\/v2\/pages\/2995\/revisions"}],"predecessor-version":[{"id":4288,"href":"https:\/\/ekh3.w3po.de\/ekh4\/wp-json\/wp\/v2\/pages\/2995\/revisions\/4288"}],"up":[{"embeddable":true,"href":"https:\/\/ekh3.w3po.de\/ekh4\/wp-json\/wp\/v2\/pages\/60"}],"wp:featuredmedia":[{"embeddable":true,"href":"https:\/\/ekh3.w3po.de\/ekh4\/wp-json\/wp\/v2\/media\/4289"}],"wp:attachment":[{"href":"https:\/\/ekh3.w3po.de\/ekh4\/wp-json\/wp\/v2\/media?parent=2995"}],"curies":[{"name":"wp","href":"https:\/\/api.w.org\/{rel}","templated":true}]}}