{"id":46,"date":"2025-06-26T13:51:56","date_gmt":"2025-06-26T11:51:56","guid":{"rendered":"https:\/\/ekh.w3po.de\/?page_id=46"},"modified":"2025-07-01T12:32:20","modified_gmt":"2025-07-01T10:32:20","slug":"qualitaetssicherung","status":"publish","type":"page","link":"https:\/\/ekh3.w3po.de\/ekh4\/klinik\/qualitaetssicherung\/","title":{"rendered":"Qualit\u00e4tssicherung"},"content":{"rendered":"\n<h1 class=\"wp-block-heading has-large-font-size\">Qualit\u00e4tssicherung<\/h1>\n\n\n\n<div class=\"wp-block-group is-layout-constrained wp-container-core-group-is-layout-c06d165c wp-block-group-is-layout-constrained\" style=\"padding-top:0;padding-right:0;padding-bottom:0;padding-left:0\">\n<div class=\"wp-block-columns is-layout-flex wp-container-core-columns-is-layout-e0e4babd wp-block-columns-is-layout-flex\" style=\"padding-right:0;padding-left:0\">\n<div class=\"wp-block-column is-layout-flow wp-block-column-is-layout-flow\" style=\"padding-right:var(--wp--preset--spacing--60);padding-left:0\">\n<p>Qualit\u00e4tsmanagement bzw. -sicherung sind unabdingbarer Bestandteil unseres Klinikkonzeptes. Sie garantieren das gleichbleibend hervorragende Niveau der Behandlung, Beratung und Versorgung unserer Einrichtung. <br><br>Alle Phasen der medizinischen und pflegerischen Ma\u00dfnahmen sind l\u00fcckenlos aufeinander abgestimmt und werden dokumentiert. Sie werden durch die Qualit\u00e4tssicherung permanent und systematisch gepr\u00fcft. Aus den Pr\u00fcfungsprozessen resultierende notwendige \u00c4nderungen werden fortlaufend schnell, flexibel und unb\u00fcrokratisch durchgef\u00fchrt.<\/p>\n<\/div>\n\n\n\n<div class=\"wp-block-column is-layout-flow wp-block-column-is-layout-flow\">\n<p>Zum Qualit\u00e4tsmanagement in der Eilenriede Klinik geh\u00f6ren: <\/p>\n\n\n\n<ul class=\"wp-block-list\">\n<li>Hygienebeauftragter <\/li>\n\n\n\n<li>R\u00f6ntgenbeauftragter <\/li>\n\n\n\n<li>Bluttransfusionsbeauftragter <\/li>\n\n\n\n<li>Strahlenschutzbeauftragter <\/li>\n\n\n\n<li>Brandschutzbeauftragter <\/li>\n\n\n\n<li>Medizinproduktbeauftragter <\/li>\n\n\n\n<li>Datenschutzbeauftragter <\/li>\n\n\n\n<li>Beauftragter f\u00fcr Beschwerdemanagement <\/li>\n\n\n\n<li>Patientenf\u00fcrsprecher<\/li>\n<\/ul>\n<\/div>\n<\/div>\n<\/div>\n","protected":false},"excerpt":{"rendered":"<p>Qualit\u00e4tssicherung Qualit\u00e4tsmanagement bzw. -sicherung sind unabdingbarer Bestandteil unseres Klinikkonzeptes. Sie garantieren das gleichbleibend hervorragende Niveau der Behandlung, Beratung und Versorgung [&hellip;]<\/p>\n","protected":false},"author":1,"featured_media":149,"parent":30,"menu_order":30,"comment_status":"closed","ping_status":"closed","template":"","meta":{"site-sidebar-layout":"default","site-content-layout":"","ast-site-content-layout":"default","site-content-style":"default","site-sidebar-style":"default","ast-global-header-display":"","ast-banner-title-visibility":"","ast-main-header-display":"","ast-hfb-above-header-display":"","ast-hfb-below-header-display":"","ast-hfb-mobile-header-display":"","site-post-title":"","ast-breadcrumbs-content":"","ast-featured-img":"","footer-sml-layout":"","theme-transparent-header-meta":"","adv-header-id-meta":"","stick-header-meta":"","header-above-stick-meta":"","header-main-stick-meta":"","header-below-stick-meta":"","astra-migrate-meta-layouts":"default","ast-page-background-enabled":"default","ast-page-background-meta":{"desktop":{"background-color":"var(--ast-global-color-5)","background-image":"","background-repeat":"repeat","background-position":"center center","background-size":"auto","background-attachment":"scroll","background-type":"","background-media":"","overlay-type":"","overlay-color":"","overlay-opacity":"","overlay-gradient":""},"tablet":{"background-color":"","background-image":"","background-repeat":"repeat","background-position":"center center","background-size":"auto","background-attachment":"scroll","background-type":"","background-media":"","overlay-type":"","overlay-color":"","overlay-opacity":"","overlay-gradient":""},"mobile":{"background-color":"","background-image":"","background-repeat":"repeat","background-position":"center center","background-size":"auto","background-attachment":"scroll","background-type":"","background-media":"","overlay-type":"","overlay-color":"","overlay-opacity":"","overlay-gradient":""}},"ast-content-background-meta":{"desktop":{"background-color":"var(--ast-global-color-4)","background-image":"","background-repeat":"repeat","background-position":"center center","background-size":"auto","background-attachment":"scroll","background-type":"","background-media":"","overlay-type":"","overlay-color":"","overlay-opacity":"","overlay-gradient":""},"tablet":{"background-color":"var(--ast-global-color-4)","background-image":"","background-repeat":"repeat","background-position":"center center","background-size":"auto","background-attachment":"scroll","background-type":"","background-media":"","overlay-type":"","overlay-color":"","overlay-opacity":"","overlay-gradient":""},"mobile":{"background-color":"var(--ast-global-color-4)","background-image":"","background-repeat":"repeat","background-position":"center center","background-size":"auto","background-attachment":"scroll","background-type":"","background-media":"","overlay-type":"","overlay-color":"","overlay-opacity":"","overlay-gradient":""}},"footnotes":""},"class_list":["post-46","page","type-page","status-publish","has-post-thumbnail","hentry"],"_links":{"self":[{"href":"https:\/\/ekh3.w3po.de\/ekh4\/wp-json\/wp\/v2\/pages\/46","targetHints":{"allow":["GET"]}}],"collection":[{"href":"https:\/\/ekh3.w3po.de\/ekh4\/wp-json\/wp\/v2\/pages"}],"about":[{"href":"https:\/\/ekh3.w3po.de\/ekh4\/wp-json\/wp\/v2\/types\/page"}],"author":[{"embeddable":true,"href":"https:\/\/ekh3.w3po.de\/ekh4\/wp-json\/wp\/v2\/users\/1"}],"replies":[{"embeddable":true,"href":"https:\/\/ekh3.w3po.de\/ekh4\/wp-json\/wp\/v2\/comments?post=46"}],"version-history":[{"count":57,"href":"https:\/\/ekh3.w3po.de\/ekh4\/wp-json\/wp\/v2\/pages\/46\/revisions"}],"predecessor-version":[{"id":375,"href":"https:\/\/ekh3.w3po.de\/ekh4\/wp-json\/wp\/v2\/pages\/46\/revisions\/375"}],"up":[{"embeddable":true,"href":"https:\/\/ekh3.w3po.de\/ekh4\/wp-json\/wp\/v2\/pages\/30"}],"wp:featuredmedia":[{"embeddable":true,"href":"https:\/\/ekh3.w3po.de\/ekh4\/wp-json\/wp\/v2\/media\/149"}],"wp:attachment":[{"href":"https:\/\/ekh3.w3po.de\/ekh4\/wp-json\/wp\/v2\/media?parent=46"}],"curies":[{"name":"wp","href":"https:\/\/api.w.org\/{rel}","templated":true}]}}