{"id":74,"date":"2025-06-26T14:01:31","date_gmt":"2025-06-26T12:01:31","guid":{"rendered":"https:\/\/ekh.w3po.de\/?page_id=74"},"modified":"2025-10-08T10:35:18","modified_gmt":"2025-10-08T08:35:18","slug":"aesthetische-chirurgie","status":"publish","type":"page","link":"https:\/\/ekh3.w3po.de\/ekh4\/fachgebiete\/aesthetische-chirurgie\/","title":{"rendered":"\u00c4sthetische Chirurgie"},"content":{"rendered":"\n<h1 class=\"wp-block-heading has-large-font-size\">\u00c4sthetische Chirurgie<\/h1>\n\n\n\n<div class=\"wp-block-group is-layout-constrained wp-container-core-group-is-layout-d2ecfd0b wp-block-group-is-layout-constrained\" style=\"padding-top:0;padding-right:0;padding-bottom:var(--wp--preset--spacing--60);padding-left:0\">\n<div class=\"wp-block-columns is-layout-flex wp-container-core-columns-is-layout-e0e4babd wp-block-columns-is-layout-flex\" style=\"padding-right:0;padding-left:0\">\n<div class=\"wp-block-column is-layout-flow wp-block-column-is-layout-flow\" style=\"padding-right:var(--wp--preset--spacing--60);padding-left:0;flex-basis:35%\">\n<figure class=\"wp-block-image size-full\"><img loading=\"lazy\" decoding=\"async\" width=\"460\" height=\"460\" src=\"https:\/\/ekh3.w3po.de\/ekh4\/wp-content\/uploads\/sites\/2\/2025\/07\/plastische-chirurgie.jpg\" alt=\"\" class=\"wp-image-474\" srcset=\"https:\/\/ekh3.w3po.de\/ekh4\/wp-content\/uploads\/sites\/2\/2025\/07\/plastische-chirurgie.jpg 460w, https:\/\/ekh3.w3po.de\/ekh4\/wp-content\/uploads\/sites\/2\/2025\/07\/plastische-chirurgie-300x300.jpg 300w, https:\/\/ekh3.w3po.de\/ekh4\/wp-content\/uploads\/sites\/2\/2025\/07\/plastische-chirurgie-150x150.jpg 150w\" sizes=\"auto, (max-width: 460px) 100vw, 460px\" \/><\/figure>\n<\/div>\n\n\n\n<div class=\"wp-block-column is-layout-flow wp-block-column-is-layout-flow\">\n<p>Die \u00e4sthetische plastische Chirurgie befasst sich mit der gezielten Ver\u00e4nderung und Verbesserung des \u00e4u\u00dferen Erscheinungsbildes. Dabei kann neben dem \u00e4sthetischen Aspekt auch eine medizinische Notwendigkeit zur Funktionsverbesserung bestehen. Ziel ist es, das Wohlbefinden und die Lebensqualit\u00e4t der Patienten zu steigern.<\/p>\n\n\n\n<p id=\"fff79349-d24c-8161-97bd-e83a902c257e\"><strong>H\u00e4ufige Eingriffe umfassen:<\/strong><\/p>\n\n\n\n<ul id=\"fff79349-d24c-812e-9e9f-fa801c55034c\" class=\"wp-block-list\">\n<li>Korrekturen von Augenlidern, Nase, Ohren und Brust<\/li>\n\n\n\n<li>Narbenkorrekturen<\/li>\n\n\n\n<li>Facelift<\/li>\n\n\n\n<li>K\u00f6rperformende Eingriffe<\/li>\n<\/ul>\n<\/div>\n<\/div>\n<\/div>\n\n\n\n<div class=\"wp-block-group is-layout-constrained wp-container-core-group-is-layout-c6787eed wp-block-group-is-layout-constrained\" style=\"padding-top:var(--wp--preset--spacing--60);padding-right:0;padding-bottom:var(--wp--preset--spacing--60);padding-left:0\">\n<h2 class=\"wp-block-heading\">Ihre Ansprechpartner <\/h2>\n\n\n<div class=\"at_wrapper_div\"><div class=\"beitrag_grid_wrapper theme_style_2\"><div class=\"beitrag_grid-post-wrapper\"><a href=\"https:\/\/ekh3.w3po.de\/ekh4\/olaf-young-fleischer\/\" class=\"beitrag_link\"><div class=\"beitrag_grid-thumbnail\" style=\"background-image: url(https:\/\/ekh3.w3po.de\/ekh4\/wp-content\/uploads\/sites\/2\/2024\/12\/olaf_new.jpg); height: 345px;\"><\/div><div class=\"beitrag_grid-text\" style=\"height: 345px;\"><div class=\"syle-title\"><\/div><h3>Dr. med.<br>Olaf Young Fleischer<\/h3>Facharzt f\u00fcr Plastisch-\u00c4sthetische Chirurgie\n\n<br>\n\nTelefon: 0511-326036<br>\nEmail: info@youngaesthetic-hannover.de<br>\n<br>\n<br>\n\n<div class=\"zertifikat-shortcode\">\n<div class=\"zertifikate-gesundheit-top-mediziner\" style=\"background-image: url('\/wp-content\/uploads\/sites\/2\/2025\/07\/siegel-MED1.png')\">\n<\/div>\n<\/div>\n<\/a><\/div><\/a><\/div><div class=\"beitrag_grid-post-wrapper\"><a href=\"https:\/\/ekh3.w3po.de\/ekh4\/gabriele-pohl\/\" class=\"beitrag_link\"><div class=\"beitrag_grid-thumbnail\" style=\"background-image: url(https:\/\/ekh3.w3po.de\/ekh4\/wp-content\/uploads\/sites\/2\/2024\/12\/Dr._Gabriele_Pohl1_new.jpg); height: 345px;\"><\/div><div class=\"beitrag_grid-text\" style=\"height: 345px;\"><div class=\"syle-title\"><\/div><h3>Dr. med.<br>Gabriele Pohl<\/h3>Fach\u00e4rztin f\u00fcr Plastische und \u00c4sthetische Chirurgie\n\n<br><br>\n\nTelefon: 0511-8976760\n<br>\nEmail : info@dr-med-gabriele-pohl.de<br>\n<br>\n<\/a><\/div><\/a><\/div><div class=\"beitrag_grid-post-wrapper\"><a href=\"https:\/\/ekh3.w3po.de\/ekh4\/habil-seyed-arash-alawi-febopras\/\" class=\"beitrag_link\"><div class=\"beitrag_grid-thumbnail\" style=\"background-image: url(https:\/\/ekh3.w3po.de\/ekh4\/wp-content\/uploads\/sites\/2\/2024\/12\/Seyed1_new.jpg); height: 345px;\"><\/div><div class=\"beitrag_grid-text\" style=\"height: 345px;\"><div class=\"syle-title\"><\/div><h3>Privatdozent. Dr. med. HABIL. SEYED ARASH ALAWI,\u00a0FEBOPRAS<\/h3>Facharzt f\u00fcr Plastische und \u00c4sthetische Chirurgie, mit Zusatzbezeichnungen f\u00fcr Handchirurgie, Notfallmedizin\n\n<br><br>\n\nTelefon: 175 12 666 94<br>\nEmail: info@theplasticsurgeon.de<br>\n<br>\n<\/a><\/div><\/a><\/div><div class=\"beitrag_grid-post-wrapper\"><a href=\"https:\/\/ekh3.w3po.de\/ekh4\/apostolos-siafliakis-m-d\/\" class=\"beitrag_link\"><div class=\"beitrag_grid-thumbnail\" style=\"background-image: url(https:\/\/ekh3.w3po.de\/ekh4\/wp-content\/uploads\/sites\/2\/2024\/12\/APOSTOLOS-SIAFLIAKIS1_new1.jpg); height: 345px;\"><\/div><div class=\"beitrag_grid-text\" style=\"height: 345px;\"><div class=\"syle-title\"><\/div><h3>Apostolos Siafliakis M.D.<\/h3>Facharzt f\u00fcr Plastische und \u00c4sthetische Chirurgie<br>\n<br>\nTelefon: +49 (0) 511 326 036<br>\nEmail: info@youngaesthetic-hannover.de<\/a><\/div><\/a><\/div><div class=\"beitrag_grid-post-wrapper\"><a href=\"https:\/\/ekh3.w3po.de\/ekh4\/ramon-wakili\/\" class=\"beitrag_link\"><div class=\"beitrag_grid-thumbnail\" style=\"background-image: url(https:\/\/ekh3.w3po.de\/ekh4\/wp-content\/uploads\/sites\/2\/2025\/06\/waki1_new.jpg); height: 345px;\"><\/div><div class=\"beitrag_grid-text\" style=\"height: 345px;\"><div class=\"syle-title\"><\/div><h3>Dr. med.<br>Ramon Wakili<\/h3>Facharzt f\u00fcr Plastische und \u00c4sthetische Chirurgie\n\n<br><br><br>\n\nTelefon: 0511-721414\n<br>\nEmail : info@rueckenprofis.de<br>\n<br>\n<\/a><\/div><\/a><\/div><\/div><\/div>\n<\/div>\n","protected":false},"excerpt":{"rendered":"<p>\u00c4sthetische Chirurgie Die \u00e4sthetische plastische Chirurgie befasst sich mit der gezielten Ver\u00e4nderung und Verbesserung des \u00e4u\u00dferen Erscheinungsbildes. Dabei kann neben [&hellip;]<\/p>\n","protected":false},"author":1,"featured_media":165,"parent":60,"menu_order":115,"comment_status":"closed","ping_status":"closed","template":"","meta":{"site-sidebar-layout":"default","site-content-layout":"","ast-site-content-layout":"default","site-content-style":"default","site-sidebar-style":"default","ast-global-header-display":"","ast-banner-title-visibility":"","ast-main-header-display":"","ast-hfb-above-header-display":"","ast-hfb-below-header-display":"","ast-hfb-mobile-header-display":"","site-post-title":"","ast-breadcrumbs-content":"","ast-featured-img":"","footer-sml-layout":"","theme-transparent-header-meta":"","adv-header-id-meta":"","stick-header-meta":"","header-above-stick-meta":"","header-main-stick-meta":"","header-below-stick-meta":"","astra-migrate-meta-layouts":"default","ast-page-background-enabled":"default","ast-page-background-meta":{"desktop":{"background-color":"var(--ast-global-color-5)","background-image":"","background-repeat":"repeat","background-position":"center center","background-size":"auto","background-attachment":"scroll","background-type":"","background-media":"","overlay-type":"","overlay-color":"","overlay-opacity":"","overlay-gradient":""},"tablet":{"background-color":"","background-image":"","background-repeat":"repeat","background-position":"center center","background-size":"auto","background-attachment":"scroll","background-type":"","background-media":"","overlay-type":"","overlay-color":"","overlay-opacity":"","overlay-gradient":""},"mobile":{"background-color":"","background-image":"","background-repeat":"repeat","background-position":"center center","background-size":"auto","background-attachment":"scroll","background-type":"","background-media":"","overlay-type":"","overlay-color":"","overlay-opacity":"","overlay-gradient":""}},"ast-content-background-meta":{"desktop":{"background-color":"var(--ast-global-color-4)","background-image":"","background-repeat":"repeat","background-position":"center center","background-size":"auto","background-attachment":"scroll","background-type":"","background-media":"","overlay-type":"","overlay-color":"","overlay-opacity":"","overlay-gradient":""},"tablet":{"background-color":"var(--ast-global-color-4)","background-image":"","background-repeat":"repeat","background-position":"center center","background-size":"auto","background-attachment":"scroll","background-type":"","background-media":"","overlay-type":"","overlay-color":"","overlay-opacity":"","overlay-gradient":""},"mobile":{"background-color":"var(--ast-global-color-4)","background-image":"","background-repeat":"repeat","background-position":"center center","background-size":"auto","background-attachment":"scroll","background-type":"","background-media":"","overlay-type":"","overlay-color":"","overlay-opacity":"","overlay-gradient":""}},"footnotes":""},"class_list":["post-74","page","type-page","status-publish","has-post-thumbnail","hentry"],"_links":{"self":[{"href":"https:\/\/ekh3.w3po.de\/ekh4\/wp-json\/wp\/v2\/pages\/74","targetHints":{"allow":["GET"]}}],"collection":[{"href":"https:\/\/ekh3.w3po.de\/ekh4\/wp-json\/wp\/v2\/pages"}],"about":[{"href":"https:\/\/ekh3.w3po.de\/ekh4\/wp-json\/wp\/v2\/types\/page"}],"author":[{"embeddable":true,"href":"https:\/\/ekh3.w3po.de\/ekh4\/wp-json\/wp\/v2\/users\/1"}],"replies":[{"embeddable":true,"href":"https:\/\/ekh3.w3po.de\/ekh4\/wp-json\/wp\/v2\/comments?post=74"}],"version-history":[{"count":6,"href":"https:\/\/ekh3.w3po.de\/ekh4\/wp-json\/wp\/v2\/pages\/74\/revisions"}],"predecessor-version":[{"id":4329,"href":"https:\/\/ekh3.w3po.de\/ekh4\/wp-json\/wp\/v2\/pages\/74\/revisions\/4329"}],"up":[{"embeddable":true,"href":"https:\/\/ekh3.w3po.de\/ekh4\/wp-json\/wp\/v2\/pages\/60"}],"wp:featuredmedia":[{"embeddable":true,"href":"https:\/\/ekh3.w3po.de\/ekh4\/wp-json\/wp\/v2\/media\/165"}],"wp:attachment":[{"href":"https:\/\/ekh3.w3po.de\/ekh4\/wp-json\/wp\/v2\/media?parent=74"}],"curies":[{"name":"wp","href":"https:\/\/api.w.org\/{rel}","templated":true}]}}